2 - 8. Let h(k) = 29*k + 180. Let f be h(0). Suppose r - f = -c*r. Calculate the highest common divisor of r and 132.
12
Let l be ((-69)/(-12))/((-1)/(-68)). Let s(q) = -7*q + 591. Let j be s(82). Calculate the greatest common divisor of l and j.
17
Let g be ((-12)/7)/((-2)/(-22) - (-4247)/(-42966)). Calculate the highest common divisor of 1416 and g.
24
Let m = -9790 - -9893. What is the greatest common factor of m and 23381?
103
Let q be ((-6713)/98 - -69)/(0 - (-3)/840). Let z be 174/3 - (0 - -2). Calculate the greatest common factor of z and q.
28
Suppose 4*c - 24 = 44. Let d(k) = k**3 + 10*k**2 - 14*k + 14. Let g be d(-9). What is the greatest common factor of c and g?
17
Let a = -10 - -13. Let x(o) = 2*o**2 + 10*o - 10. Let g be x(1). Let y be g - (2 + -23 + (-9)/a). What is the greatest common divisor of y and 2?
2
Let r(l) = -310*l + 4676. Let z be r(15). What is the greatest common factor of 7410 and z?
26
Let m be (-1 - 1)*(-1136178)/68 - 7. What is the greatest common factor of 26 and m?
26
Let c be (-12)/6*1*-17. Suppose -c*p + 6765 = -23*p. Calculate the greatest common factor of 15 and p.
15
Let s be 13 + ((-36)/12 - -5490). Calculate the greatest common divisor of 385 and s.
55
Let o be 35600 + -9 + 7 - 3. What is the highest common factor of o and 45?
45
Let z be 26/(44/176 - 3/((-1512)/(-110))). What is the highest common divisor of 27 and z?
9
Let h = -411 - -427. Let z be 12*1*44*(-16)/(-192). Calculate the greatest common factor of z and h.
4
Let n be (6619/(-2))/((-24)/192) + -5. Calculate the highest common factor of 257 and n.
257
Let r(h) = h**3 + 25*h**2 + 26*h. Let s be r(-11). Suppose 673 + 165 = 3*v + q, 0 = 5*v - 4*q - s. What is the highest common divisor of 112 and v?
56
Let q be ((-552)/48)/(2/52). Let c = 309 + q. What is the highest common factor of 2 and c?
2
Let q = 46 + 49. Let p be (-1)/(12/(-8))*6. Suppose -q = -4*c - c - 5*i, p*c - 36 = 4*i. Calculate the highest common divisor of 42 and c.
14
Let b = 3106 + -3034. What is the greatest common divisor of b and 450?
18
Suppose 6*n - 1789 = 2*n - h, -5*h = 15. Suppose 167*q - 9520 = 9*q - 12*q. What is the greatest common divisor of n and q?
56
Suppose -3*h + 28 = 4*k, -4*h = -5*k - 2 + 6. Suppose -11*x + 510 = k*x. What is the highest common factor of x and 136?
34
Suppose 87*m - 1770 - 10671 = 0. What is the highest common factor of 299 and m?
13
Let h be ((-150)/(-48))/(-25) - (-128050)/16. Calculate the greatest common factor of h and 53.
53
Let j(f) = 62*f**2 + f. Let m be j(1). Suppose -13*t + 219 - m = 0. Calculate the greatest common factor of t and 36.
12
Let s = -311 - -291. Let h(o) = -10*o + 165. Let r be h(s). Calculate the greatest common factor of r and 5.
5
Suppose -226 = -24*b + 514 + 268. Suppose 2*g + 3*g - 60 = 0. What is the highest common factor of b and g?
6
Suppose 17*l - 672 - 263 = 0. Suppose -17*u - l = -18*u. Calculate the greatest common divisor of 22 and u.
11
Suppose 0 = 4*i - u + 17 + 2, -5*i + 4*u = 21. Let k be 35/i + 223 - -3. Calculate the greatest common divisor of 292 and k.
73
Let w(t) = -t**3 - 17*t**2 - 76*t - 25. Let s be w(-8). Calculate the highest common factor of 13083 and s.
7
Let c be (7 + 7 - 26) + 216. What is the highest common factor of c and 348?
12
Let q = 1886 - 1798. What is the greatest common factor of 4708 and q?
44
Let o(h) = h**2 - 3*h + 38. Let z be ((-1)/2)/((-1530)/(-220) + -7). Let a be o(z). What is the greatest common factor of a and 72?
18
Let v be 7094 + (-35)/(245/42). Calculate the highest common divisor of 16 and v.
16
Suppose -2*m = -2*x - 52, 3*m + 4*x - 355 = -312. What is the highest common divisor of 462 and m?
21
Let r = 86 - 82. Suppose -5*o + r = -11. Suppose 5*g = -o*k + 1272, 603 = -4*g - 2*k + 1619. Calculate the highest common divisor of 28 and g.
28
Let c(n) = 40*n - 3. Let y be c(3). Suppose 4*x - 1091 = -65*x + 1393. What is the highest common factor of y and x?
9
Let j be 30/6 - 8/(-1). What is the highest common divisor of j and 8593?
13
Let u = -17972 + 18122. Calculate the highest common factor of u and 23550.
150
Let j = 339 + -220. Suppose -j = -5*x - 64. Calculate the greatest common divisor of 187 and x.
11
Let k(y) = 4*y**2 + 36*y + 280. Let f be k(-14). Calculate the greatest common factor of f and 952.
56
Suppose -5*s - 302 = -3*t, 101 = -2*s - t - 11. Let v = -46 - s. What is the highest common divisor of 24 and v?
12
Suppose -1258 = -10*q - 378. Let p = 130 - 64. Suppose -2*k + p = 3*z - 0*k, 2*k - 44 = -2*z. What is the greatest common divisor of z and q?
22
Let d be (18/30)/(6/60). Let v(l) = -l**3 - l**2 + l + 2. Let u be v(-2). Let i = u + d. Calculate the greatest common factor of i and 20.
10
Suppose 3*l + 4*k + 2276 = 8*l, -4*l - 3*k = -1827. Calculate the highest common divisor of 6 and l.
6
Let k be -11 + 425/17 + -10. Let s be (32/10)/((-4)/(-20)). What is the greatest common factor of k and s?
4
Let x = 37 - 35. Suppose -56 = 41*r - 343. What is the greatest common divisor of r and x?
1
Let a = -500 - -517. Suppose a*f = -13*f + 5400. Calculate the highest common divisor of 40 and f.
20
Suppose -x = x. Suppose 8*i - 25 = 3*i, x = -c - 4*i + 32. Let o be 16/(3/2*((-834)/(-54) + -15)). What is the highest common factor of o and c?
12
Let o(y) = -71*y + 35*y**2 - 35*y**2 - 2*y**2 - 156 + 16*y. Let h be o(-24). What is the greatest common factor of h and 80?
4
Suppose 0 = -3*j - 9, 2*j - 11 = 2*y + j. Let n be 20/(-70) - 16/y. Suppose 4*o + n = 94. What is the greatest common factor of 46 and o?
23
Let n(z) = z**2 + 22*z + 68. Let y be n(-18). Let f(d) = -d**2 - 54*d + 9. Let i be f(y). What is the highest common factor of i and 44?
11
Suppose -3*d = 3*h + 9 - 60, -3*h = -4*d + 47. Let j(p) = -1299*p + 2605. Let w be j(2). Calculate the greatest common divisor of w and d.
7
Let o = 139 + 281. Let k(y) = -7*y**2 + 55*y + 20. Let j be k(5). Calculate the highest common factor of j and o.
60
Let c(d) = 2*d**2 - 125*d + 72. Let k be c(62). Calculate the greatest common divisor of 1570 and k.
10
Let o be 4 - 1/((-3)/(-18)) - -29. Suppose 4*j - o = -155. Let g be -3 + 1 - j/2. Calculate the highest common divisor of 182 and g.
14
Let h be 1/(-5) + (5036/(-20))/1. Let m = h + 272. Calculate the greatest common factor of 180 and m.
20
Let v = 115 - 98. Let w = 314 - 297. What is the greatest common divisor of w and v?
17
Let q = -299 - -321. Calculate the greatest common factor of 118 and q.
2
Suppose -30*o - 47250 = -47*o - 25*o. What is the highest common divisor of 72 and o?
9
Suppose 5*f = h - 593 + 4687, 4*h + 796 = f. What is the highest common factor of 4756 and f?
164
Suppose 0 = -6*j + 3650 - 278. Suppose d - j = -3*z, -4*d = -17 + 1. Suppose -108 = -6*m + z. What is the highest common divisor of m and 14?
7
Suppose 22*r - f - 506 = 21*r, -4*r + 2056 = 4*f. Let g be -1 + -2 + 3 - -30. What is the highest common divisor of g and r?
30
Suppose -1 + 9 = -4*q. Let n be 1 + q + 64 + -3. Let d = 26214 - 26199. What is the highest common divisor of n and d?
15
Suppose -16 = 4*z, -6*n + 3*n = 3*z - 78. Calculate the highest common divisor of 940 and n.
10
Let l be (-976)/(-144) - 2/(-9). Suppose l*b - o = 12*b - 1477, 2*o = 2*b - 598. Calculate the highest common factor of 37 and b.
37
Let r be ((-130)/(-250)*5)/((-1)/(-5)). Let y be r*-5*(-16)/20. Calculate the greatest common factor of y and 676.
52
Suppose 6 = a, -17*k - 5*a = -15*k - 102594. Calculate the highest common divisor of 21 and k.
21
Suppose -1329 = 5*n - 2*v, 3*n = -8*v + 5*v - 789. Let h = -237 - n. What is the highest common divisor of h and 322?
14
Let s be (1055972/(-1758))/(1*(-2)/3). Calculate the greatest common factor of s and 323.
17
Let s be 5*(-64595)/(-100) + (-2)/(-8). Suppose -s = -2*q - 15*q. What is the highest common factor of q and 19?
19
Let y = 30 - 22. Suppose -l - 3*f = -f + y, f - 3 = -4*l. Let z(m) = 3*m - 91. Let j be z(32). Calculate the greatest common factor of l and j.
1
Let g(r) = 2*r**2 + 15*r + 46. Let q be g(-6). Suppose -q = -3*h - 4*h. Calculate the highest common factor of h and 18.
2
Let x be (-4)/(-8)*8 - -3. Suppose -k = -y + 275, x*k = -5*y + 4*k + 1375. Calculate the greatest common factor of 11 and y.
11
Let c = 15997 + -10067. Calculate the greate